4880 (base 11) to base 6
-45312
Convert -870a4 (base 11) to base 6.
-2413531
115420 (base 12) to base 13
99b9a
What is -1100001001011111100101 (base 2) in base 5?
-1303401423
43246 (base 13) to base 16
1d98f
-241021442 (base 6) to base 7
-53330642
Convert -5e30 (base 15) to base 2.
-100111001100110
-23560460 (base 8) to base 15
-6c1a56
Convert 246011 (base 8) to base 10.
85001
Convert -1201022022102 (base 3) to base 12.
-37b585
What is 1075265 (base 12) in base 10?
3140141
Convert -1353334 (base 7) to base 9.
-305587
-1110101100100000110 (base 2) to base 9
-813486
What is -128007 (base 9) in base 5?
-4444020
d6b35 (base 15) to base 5
133242100
Convert 1131303123 (base 4) to base 12.
166423
190339 (base 11) to base 7
2330612
Convert -201377 (base 12) to base 4.
-1322003023
6a09dc (base 16) to base 10
6949340
What is -117784 (base 9) in base 11?
-4967a
-277006 (base 9) to base 4
-221102232
Convert 2884b8 (base 12) to base 6.
22311152
-2423141410 (base 5) to base 16
-56a2a2
Convert 679341 (base 16) to base 5.
3214203110
-2041143 (base 6) to base 15
-1e400
Convert 1a16103 (base 13) to base 14.
11d55d4
-1011241441 (base 5) to base 14
-3b731d
What is -29b924 (base 13) in base 14?
-1c9957
Convert 12677330 (base 9) to base 4.
113312032311
What is -8db65 (base 14) in base 11?
-21642a
Convert 45159c (base 13) to base 5.
404144043
What is -4675631 (base 8) in base 14?
-25345b
-16107da (base 14) to base 12
-3747b50
5f746 (base 16) to base 13
108c67
14482522 (base 9) to base 4
123131221010
Convert 12121110212 (base 3) to base 7.
636641
1261051 (base 8) to base 16
56229
What is 16723537 (base 8) in base 9?
7317706
7abb1 (base 14) to base 12
124a07
Convert 11001000001110011 (base 2) to base 11.
70026
Convert 20011211200121 (base 3) to base 9.
6154617
1aa1b61 (base 12) to base 15
7746d4
-939dd (base 15) to base 13
-135019
What is -5337013 (base 8) in base 6?
-50312443
What is -49248 (base 11) in base 4?
-101102311
What is 1b7469 (base 12) in base 6?
14255013
What is 6005611 (base 11) in base 13?
2285653
Convert 2254624 (base 7) to base 4.
1010333221
Convert -3005272 (base 8) to base 7.
-6464545
What is 22101210210 (base 3) in base 16?
285de
What is 15511342 (base 6) in base 14?
105b30
Convert -4110112231 (base 5) to base 16.
-7e6c84
23861 (base 10) to base 11
16a22
What is -5ac363 (base 14) in base 9?
-5754752
Convert 45726 (base 8) to base 16.
4bd6
-31385566 (base 9) to base 7
-242316261
What is -1011101100110000101 (base 2) in base 6?
-12114501
Convert 350095 (base 10) to base 6.
11300451
What is -20400 (base 16) in base 2?
-100000010000000000
What is 111211201001 (base 3) in base 12?
1117a7
Convert -110310103300 (base 4) to base 14.
-a20a76
1727aa6 (base 12) to base 15
64727c
35bbd0 (base 15) to base 7
30565521
49052 (base 11) to base 4
101033020
What is -66521453 (base 7) in base 10?
-5736566
139316 (base 11) to base 9
361111
2627474 (base 9) to base 12
592a94
Convert 1532450 (base 6) to base 5.
10340110
Convert -87798 (base 13) to base 15.
-4c9a0
-210301322 (base 4) to base 12
-73222
What is -818139 (base 11) in base 3?
-2110202021111
Convert -23152032 (base 6) to base 15.
-e1ab8
-6a800 (base 13) to base 8
-574200
-8341133 (base 10) to base 9
-16622785
-113103222 (base 4) to base 12
-472b6
Convert -155456 (base 9) to base 7.
-546342
What is 3103154 (base 7) in base 15?
74d4b
What is 1365209 (base 11) in base 6?
122205054
Convert 41412 (base 13) to base 6.
2302140
What is 413442002 (base 5) in base 8?
6375540
What is 1047361 (base 10) in base 3?
1222012201011
-132331212 (base 4) to base 13
-45957
-415435402 (base 6) to base 8
-33563072
Convert -2013002011 (base 4) to base 15.
-add2d
Convert 23050 (base 13) to base 5.
4020103
Convert -112055 (base 8) to base 6.
-451341
-12200202020002 (base 3) to base 14
-58ac03
Convert 1a80abb (base 13) to base 7.
134354502
What is b0d1 (base 14) in base 11?
208a7
-14598ba (base 13) to base 6
-350445440
Convert -26a1b (base 14) to base 5.
-11022111
Convert -27159a (base 15) to base 2.
-111001010011100001010
200200212121 (base 3) to base 16
59db5
What is 21333561 (base 7) in base 16?
1bd3bc
Convert -860828 (base 10) to base 15.
-1200d8
Convert 23463022 (base 8) to base 6.
302042430
What is -2012043 (base 6) in base 11?
-65475
What is -1002132 (base 6) in base 14?
-13276
-678 (base 15) to base 6
-10435
Convert -18627 (base 11) to base 14.
-96c4
9a98 (base 16) to base 2
1001101010011000
What is -b1e3 (base 16) in base 12?
-2242b
545001 (base 7) to base 8
272173
What is -ba4077 (base 14) in base 7?
-104434210
34345440 (base 6) to base 4
10001313000
What is -9d3c8 (base 14) in base 13?
-104c56
-1200101002 (base 3) to base 9
-50332
Convert 1b297a (base 14) to base 15.
141b25
What is 341213030 (base 5) in base 6?
52150025
What is -7021835 (base 9) in base 15?
-4db848
-675d (base 15) to base 4
-11112121
112322122 (base 4) to base 7
540421
435125 (base 7) to base 8
224666
Convert -11e6b8 (base 16) to base 6.
-41051212
405352525 (base 6) to base 13
15a608b
-213204 (base 9) to base 11
-87476
Convert aa202 (base 13) to base 7.
2421504
What is -29a81 (base 16) in base 9?
-280043
782ba8 (base 12) to base 15
27bba5
-1529994 (base 11) to base 8
-11773605
-540504 (base 8) to base 13
-64244
Convert 12121211101 (base 3) to base 16.
1b05b
What is -1349b (base 12) in base 16?
-67f7
Convert -59e11 (base 15) to base 7.
-2302522
-2322033220 (base 4) to base 8
-2721750
Convert 384810 (base 9) to base 4.
320323320
What is -3020013321 (base 4) in base 8?
-3100771
791259 (base 11) to base 7
13500460
Convert -8484532 (base 9) to base 5.
-2130343222
What is 185a38 (base 11) in base 5?
33123320
1023350251 (base 6) to base 5
10231314242
Convert 11220301212 (base 4) to base 12.
5b3206
-400630 (base 7) to base 12
-33107
Convert 1112122133 (base 5) to base 4.
21120003001
What is 101001033031 (base 4) in base 7?
52631224
4277610 (base 8) to base 9
2137047
What is 166568 (base 10) in base 2?
101000101010101000
6262225 (base 7) to base 15
ed947
What is 39753a (base 14) in base 15?
29178b
-30314141 (base 5) to base 2
-111011110010111001
Convert -5715563 (base 10) to base 15.
-77d778
69c709 (base 13) to base 5
1120343423
What is -440571 (base 9) in base 13?
-9288a
-4003405 (base 6) to base 8
-556035
What is -12010414313 (base 5) in base 9?
-27807228
-1102466 (base 10) to base 9
-2060262
Convert 13397 (base 10) to base 2.
11010001010101
8b5b (base 13) to base 4
10300313
-210334403 (base 5) to base 3
-1122021002201
What is -41077636 (base 8) in base 5?
-4210332142
-5535117 (base 8) to base 5
-340130422
Convert 16335043 (base 7) to base 3.
2222201102201
What is -22801 (base 9) in base 10?
-15229
Convert -968977 (base 11) to base 7.
-16111255
Convert 101021001011 (base 3) to base 10.
201964
Convert 4086934 (base 10) to base 7.
46511155
What is 202211213 (base 4) in base 11?
97492
238488 (base 10) to base 2
111010001110011000
202210121 (base 3) to base 13
6b95
What is 12c8377 (base 13) in base 16?
5a7d44
-72137 (base 16) to base 5
-104423010
What is 137738 (base 9) in base 8?
244725
What is 242511 (base 6) in base 14?
7ad5
11010011111111011 (base 2) to base 10
108539
Convert -1015a60 (base 11) to base 8.
-6660125
Convert -657104 (base 9) to base 15.
-7b377
What is 46239 (base 11) in base 3?
10101200100
Convert -122102220021 (base 3) to base 16.
-53cf5
Convert -220221021021 (base 3) to base 4.
-1313310331
-82d109 (base 14) to base 7
-52346412
What is 1a48a1 (base 11) in base 15?
62ee4
-110120021122 (base 3) to base 11
-159912
Convert 8ccc (base 15) to base 14.
ac72
What is -31030212 (base 4) in base 13?
-1b7b0
What is -6c181 (base 16) in base 14?
-b74d3
What is -210252 (base 8) in base 11?
-48497
Convert -12221121202211 (base 3) to base 9.
-5847684
12302321202 (base 4) to base 11
1007396
Convert -4047022 (base 8) to base 14.
-1db5bc
-12267181 (base 9) to base 14
-b259da
Convert -1014402411 (base 5) to base 10.
-2106606
Convert 412213323 (base 5) to base 7.
20162444
-101102313 (base 4) to base 7
-413346
What is 35935 (base 15) in base 8?
515511
Convert -23452440 (base 6) to base 5.
-142104044
14310253 (base 8) to base 4
30121002223
What is 40340361 (base 7) in base 3?
20022102100120
Convert -31b0b (base 14) to base 16.
-1d55f
Convert -322313231212 (base 4) to bas